1?
-13401
In base 10, what is 595 - -35818?
36413
In base 4, what is 303301311 + -30?
303301221
In base 4, what is -223 - -121232130?
121231301
In base 15, what is -1b - -26e323?
26e307
In base 4, what is 10101012333 - 3003?
10101003330
In base 15, what is 51cd - 429?
4ca4
In base 10, what is -13 + 1153100?
1153087
In base 5, what is -13223 + 10340?
-2333
In base 14, what is -4973c1 - 17?
-4973d8
In base 5, what is 1012 + 1231414?
1232431
In base 11, what is -2 + 2535622?
2535620
In base 11, what is -1617958 + 5?
-1617953
In base 14, what is 65805 + -c2?
65723
In base 9, what is 5230 + 22547?
27777
In base 10, what is -1657957 - -10?
-1657947
In base 7, what is 606315 - 30265?
546020
In base 4, what is -21203201302 + 33?
-21203201203
In base 10, what is -99 - -278237?
278138
In base 7, what is -12033514031 - 3?
-12033514034
In base 15, what is -33dd1 - -277?
-33b59
In base 6, what is -1 + 323132024?
323132023
In base 10, what is -245970085 - -3?
-245970082
In base 16, what is -4f0 + -da1e?
-df0e
In base 5, what is -422 + -44330?
-100302
In base 7, what is 242 - 1160351?
-1160106
In base 16, what is -604e05 + 8?
-604dfd
In base 4, what is 2130 + 10110131132?
10110133322
In base 3, what is -20212022 + -2100121?
-100012220
In base 9, what is 2603464 - 32?
2603432
In base 7, what is -3116645 + 36?
-3116606
In base 8, what is 1 - -107547236?
107547237
In base 2, what is -110001000100101010010 - -10001?
-110001000100101000001
In base 2, what is -1011010010001111101010 + 11101?
-1011010010001111001101
In base 11, what is -349 + -217708?
-217a56
In base 10, what is -843 + 32460?
31617
In base 4, what is 311032310033 + -13?
311032310020
In base 5, what is 11001 - -10312?
21313
In base 16, what is 62 - 10f0a?
-10ea8
In base 14, what is -8d5311 - -5?
-8d530a
In base 13, what is -5 + 609724c?
6097247
In base 10, what is -60848766 + -1?
-60848767
In base 5, what is -34011 + 2221?
-31240
In base 10, what is 162433 - -123?
162556
In base 5, what is 4324331 + -144?
4324132
In base 8, what is 4614 + 44074?
50710
In base 6, what is 1 - -35120444?
35120445
In base 15, what is 8715 + -1e?
86e6
In base 10, what is 544 - 14460?
-13916
In base 4, what is 3 + -133033012033?
-133033012030
In base 11, what is -28502 + 1a44?
-26569
In base 9, what is -7 - 10868458?
-10868466
In base 9, what is -461 + 368127?
367556
In base 11, what is -366aa3 + 89?
-366a15
In base 2, what is 11 - -10010001011001110111000?
10010001011001110111011
In base 11, what is -65 - 476aa80?
-4770035
In base 8, what is 124 + -2226523?
-2226377
In base 2, what is -101001101100010100011 - 100100?
-101001101100011000111
In base 6, what is -253514532 - 3?
-253514535
In base 12, what is -3b391a7 + 15?
-3b39192
In base 16, what is -8 + -6f93a?
-6f942
In base 7, what is -31 + -211554?
-211615
In base 12, what is 0 + 114706b?
114706b
In base 13, what is 42a86556 + -1?
42a86555
In base 6, what is 4055 + 2112250?
2120345
In base 8, what is 236 + 774063?
774321
In base 6, what is 11444432 - -3?
11444435
In base 13, what is 16887a - 380?
1684ca
In base 16, what is 2 + -211a1c?
-211a1a
In base 12, what is -243 - -5aa2?
585b
In base 13, what is -a13 + -59c9?
-670c
In base 2, what is -11001000000001011011 + -111?
-11001000000001100010
In base 4, what is 10100313 - -10111?
10111030
In base 3, what is 1100 - -1201022211101?
1201022212201
In base 9, what is 21334477 - -2?
21334480
In base 4, what is 303 - 1220103213120?
-1220103212211
In base 12, what is a43889 + -21?
a43868
In base 11, what is -52 + -a141?
-a193
In base 11, what is -6839537 + -3?
-683953a
In base 16, what is d296 - 33?
d263
In base 12, what is 2b08 + 91?
2b99
In base 5, what is 4102444033 - -4?
4102444042
In base 16, what is 37 - f778?
-f741
In base 13, what is 15 + -15283?
-1526b
In base 11, what is -24014563 + 6?
-24014558
In base 10, what is -6790 - -580?
-6210
In base 2, what is 0 - -100101100010001110100100?
100101100010001110100100
In base 9, what is 2545 - -56368?
60024
In base 9, what is 10028744 - 247?
10028486
In base 9, what is 5768 - -20201?
26070
In base 16, what is 5 - -111e131?
111e136
In base 10, what is 2119433 - 9?
2119424
In base 6, what is -12 - -141510440?
141510424
In base 8, what is 3222123357 - 5?
3222123352
In base 15, what is 146c8a + -a?
146c80
In base 10, what is -82 + 57906?
57824
In base 16, what is -2798c - 12?
-2799e
In base 5, what is -10 - 23203113214?
-23203113224
In base 2, what is 10100001 - 110010011111000000101?
-110010011110101100100
In base 10, what is -4 + 948469?
948465
In base 6, what is -344 + -55102552?
-55103340
In base 12, what is 879a8831 - 5?
879a8828
In base 2, what is -100110111000001100111 + 111011?
-100110111000000101100
In base 12, what is -26516 - 35b2?
-29b08
In base 6, what is 45445003 - -4?
45445011
In base 10, what is -10290100 - 1?
-10290101
In base 8, what is -232 - -3013?
2561
In base 9, what is 2 - 5726307?
-5726305
In base 12, what is -9140 - -4036?
-5106
In base 11, what is 270 + 22a83?
23243
In base 14, what is -16b5880 - 5?
-16b5885
In base 11, what is -828a988 - 25?
-828aa02
In base 12, what is 307 + -60bb56?
-60b84b
In base 10, what is -2 - -61658073?
61658071
In base 3, what is -10022101112120 + -2101?
-10022101121221
In base 11, what is 40aa3 + 3a?
41032
In base 8, what is -1737 + 1703173?
1701234
In base 11, what is -8 - -14992428?
14992420
In base 8, what is -1655 - -1250727?
1247052
In base 14, what is -11 + 90d78?
90d67
In base 14, what is 48 - -120a3?
1210b
In base 5, what is -44403 - 4124442?
-4224400
In base 7, what is 2 + 154000316?
154000321
In base 4, what is 212212200113 + 20?
212212200133
In base 10, what is -45746735 + 3?
-45746732
In base 11, what is -2478 - -a18?
-1560
In base 5, what is 41411213 - 1244?
41404414
In base 7, what is -35 - -12656405?
12656340
In base 11, what is -1433 - -7529?
60a6
In base 12, what is -a7597228 - -1?
-a7597227
In base 3, what is -102 + -20022212212221?
-20022212220100
In base 12, what is -46 + 617773?
617729
In base 12, what is -23 - -71b8a21?
71b89ba
In base 7, what is -650010 + -216?
-650226
In base 5, what is -1340432 - -1202?
-1334230
In base 4, what is -12303 + -2213300332?
-2213313301
In base 14, what is 3903 - -40ba3?
446a6
In base 12, what is -6768a - 63?
-67731
In base 5, what is 112340312 + 1302?
112342114
In base 3, what is 221000212 + 1010002?
222010221
In base 8, what is -151167 - -15210?
-133757
In base 9, what is 11 - 5860700?
-5860678
In base 8, what is -26 - 1470412?
-1470440
In base 11, what is 227300 + -3a?
227271
In base 10, what is 9575444 + 5?
9575449
In base 3, what is 102210100 - 121211?
102011112
In base 10, what is -5 + -5633896?
-5633901
In base 10, what is -38 + 17091455?
17091417
In base 2, what is -1 + 110011000011101110100000?
110011000011101110011111
In base 13, what is -3920 - 269?
-3b89
In base 10, what is 6 - -15977379?
15977385
In base 9, what is -7377815 + 0?
-7377815
In base 14, what is -3b + 3a85a?
3a81d
In base 2, what is 11 + -1000110000011000000000110?
-1000110000011000000000011
In base 14, what is -3 - 1c1d8b?
-1c1d90
In base 8, what is -247 + 50616?
50347
In base 9, what is 3672862 + -44?
3672817
In base 14, what is -1c - -10843?
10825
In base 15, what is -1121 - 3520?
-4641
In base 4, what is 200223112 - 13310?
200203202
In base 14, what is -61d - -6740?
6121
In base 15, what is 31c + -11a3?
-d86
In base 7, what is 5325 + -151165?
-142540
In base 16, what is 4f7 + -1ce70?
-1c979
In base 4, what is -3211100103 - 213?
-3211100322
In base 12, what is b1071 + -b?
b1062
In base 12, what is -8ab7 + 48?
-8a6b
In base 8, what is 3401 + -15443?
-12042
In base 6, what is -133130 - -15151?
-113535
In base 16, what is -760584 + 3?
-760581
In base 12, what is 95b - 191036?
-190297
In base 15, what is 4 + -1a84c3?
-1a84be
In base 16, what is 473e - 68?
46d6
In base 3, what is 21001211 - 210110212?
-112102001
In base 16, what is -2 + 2519a?
25198
In base 3, what is -1001112102002 - -1022?
-1001112100210
In base 14, what is 7787a7 + 58?
778821
In base 13, what is 4 + -28c6c85?
-28c6c81
In base 10, what is -331649 - 130?
-331779
In base 9, what is 0 - -2336312?
2336312
In base 2, what is -100 + 111111010111110101010100011?
111111010111110101010011111
In base 13, what is b5264 - -51?
b52b5
In base 15